*s - 19. Let j be o(-16). Let m = j - 64. What is the highest common divisor of m and 65?
13
Suppose -u + 4*u - 9 = 0, -5*u - 4704 = -3*s. Calculate the highest common factor of 22 and s.
11
Let k(q) = q - 4. Let g be k(52). What is the highest common divisor of g and 18?
6
Let x be 120/(-2) - (30/(-5))/3. Let d = 114 + x. What is the highest common factor of d and 7?
7
Let p = 33 - 22. Suppose 4*w + 6*s - 466 = 0, -4*s - 67 = -55. What is the greatest common factor of p and w?
11
Let g(z) = z**3 + 7*z**2 + 10*z + 10. Let c be g(-4). What is the greatest common divisor of 1314 and c?
18
Let h = -55 - -90. Calculate the greatest common divisor of 10 and h.
5
Let w be 22/(-2 - -4) + 1. Let s = 1310 - 1286. What is the highest common divisor of s and w?
12
Let l = 122 - 104. Let a(v) = -10*v + 4. Let b be a(-5). What is the highest common factor of l and b?
18
Let q = 657 + -610. What is the highest common factor of 235 and q?
47
Suppose -35 = -5*b + 5*m, -m - 17 = -3*b + 8. Calculate the greatest common divisor of 144 and b.
9
Let f(b) = 2*b**2 + 0 + 4*b**2 - b + 8 - 4*b**2. Let y be f(8). What is the greatest common factor of 16 and y?
16
Let o = 812 + -686. Calculate the highest common factor of 9 and o.
9
Let u = -1305 + 1637. What is the greatest common divisor of u and 581?
83
Let f(j) = 8*j + 40. Let u be f(-3). What is the highest common divisor of 3 and u?
1
Let h be -2*(-12)/(-120)*-5. Suppose 0*b - 5*b = 10. Let m = b - -11. Calculate the greatest common divisor of h and m.
1
Suppose 1137 = 16*r - 639. What is the highest common divisor of r and 814?
37
Let k(l) = l + 1. Let u be k(-1). Let v = u + 11. Calculate the greatest common divisor of 88 and v.
11
Suppose t + 1 = 0, w - 2*t + t = 5. Suppose 2*a + 2 = z - 2, 3*a + 31 = w*z. What is the greatest common divisor of 15 and z?
5
Let z(h) = -3*h + 435. Let l be z(49). Let i(m) = -10*m - 4. Let s be i(-4). Calculate the highest common factor of l and s.
36
Let m(l) = -l**2 - 9*l + 4. Let v be m(-7). Suppose -252*o - 2142 = -269*o. Calculate the greatest common factor of v and o.
18
Let s(j) = j + 35. Let d = 40 + -47. Let w be s(d). Calculate the highest common divisor of 4 and w.
4
Let a = 387 - 361. Calculate the greatest common factor of 65 and a.
13
Let c(y) be the second derivative of 8*y**3 + y. Let g be c(1). Let v(t) = -t**2 - 288*t + 1180. Let l be v(4). Calculate the highest common divisor of l and g.
12
Suppose 4*i - v - 26 = 16, 0 = 4*i + 2*v - 36. Let b = 64 + -49. Suppose -r - 4*t - 23 = -58, -3*t + b = 0. Calculate the greatest common factor of i and r.
5
Let s be 0/(-2 + 3/1). Suppose s = 2*v + 2*v + g - 444, 5*v - 3*g - 572 = 0. What is the highest common factor of v and 14?
14
Suppose 21*f = 24*f + 36. Let x be 1/2*(-7 - -3 - f). What is the greatest common divisor of 4 and x?
4
Let i(w) = -117*w + 99. Let q be i(-4). Calculate the highest common factor of 126 and q.
63
Let k(v) = -2*v**3 - 97*v**2 - 62*v + 8. Let i be k(-48). Calculate the greatest common factor of i and 272.
136
Let o = 1287 - 1050. Calculate the highest common factor of o and 3.
3
Suppose 3*v = 13 + 17. Let p be (65 - 0) + 3*10/6. What is the greatest common divisor of v and p?
10
Let c be (5 - (6 + 580))/(-1). What is the greatest common factor of c and 14?
7
Let t be 23*6/4*(2 - -4). Calculate the greatest common divisor of 9 and t.
9
Suppose -3*v - 150 = -4*v. Suppose 3*t - v = 60. Calculate the greatest common factor of 10 and t.
10
Let i = 15 - 12. Suppose i*c - 9*c + 18 = 0. Let p(x) = x**2 - 2*x + 2. Let j be p(c). What is the highest common factor of 5 and j?
5
Suppose -101*s + 105*s = 12, 5*v - 145 = 5*s. Calculate the highest common divisor of v and 8.
8
Let n be ((-6)/(-10))/((-81)/(-21060)). Calculate the highest common factor of n and 208.
52
Let g(c) = -32*c - 6. Let w be g(-6). Let t(n) = 30*n + 4. Let a be t(-4). Let h = w + a. Calculate the highest common factor of 7 and h.
7
Let w be 19604/260 - 6/15. Suppose 2*g = 2 + 8, -2*g - 80 = -3*f. What is the greatest common divisor of w and f?
15
Let t(d) = -8*d - 110. Let q be t(-16). Calculate the greatest common factor of q and 162.
18
Let l(c) = -2*c**3 - 4*c**2 + c. Let y = -8 - -4. Let r = -7 - y. Let p be l(r). What is the highest common divisor of p and 30?
15
Let z be (-194)/5 + (-3)/15 + 3. Let j = z + 40. What is the highest common divisor of 44 and j?
4
Let o = 384 + -364. Calculate the highest common factor of o and 410.
10
Let z(o) = o**3 + 38*o**2 - 9*o + 36. Let w be z(-38). What is the greatest common factor of w and 36?
18
Suppose -2*w - w = h - 26, -h - w + 22 = 0. Let v(c) = -7*c - 96. Let u be v(-28). Calculate the highest common factor of u and h.
20
Let o = 13 + -10. Suppose -o*l + 14 = 2*s, -l + 3 - 7 = 0. Calculate the greatest common factor of 208 and s.
13
Suppose v + v - 3*f + 15 = 0, -3*f + 6 = v. Let b be 7 - (0/(-3))/v. Let c(h) = -15*h - 2. Let i be c(-2). What is the greatest common divisor of i and b?
7
Let f be ((-38)/2*(4 + -6))/2. What is the greatest common divisor of 437 and f?
19
Let u be 291/9 - 4/12. Suppose -z + u = -2. What is the greatest common factor of z and 85?
17
Suppose 0 = 2*l + 8, -5*r - 4*l = -143 + 34. Let u = -15 + r. Calculate the highest common divisor of u and 20.
10
Suppose 21 = 2*w + w. Let t = 122 - 101. What is the highest common divisor of w and t?
7
Let s(o) = -o**3 - 9*o**2 + o + 19. Let y be s(-9). Let i = y - -4. What is the highest common factor of i and 91?
7
Let p be 9 + -5 + 0/1 + 1. Suppose p*y - 3 = -g, -5*g + 2*g = -y - 41. Calculate the highest common divisor of 65 and g.
13
Let b(g) = g**2 - 6*g - 21. Let r be ((-18)/(-5))/(22/55). Let x be b(r). Calculate the greatest common factor of x and 8.
2
Suppose 2*r - r - 6 = 0. Let l(z) = -2*z + 14. Let m be l(r). Let x be (-8)/m*(-189)/12. Calculate the highest common factor of x and 7.
7
Let q(l) = 3*l**2 - 12*l - 14. Let y be q(7). Calculate the highest common divisor of 637 and y.
49
Let s(a) = 2*a**2 - 30*a - 6. Let q be s(-16). Calculate the highest common factor of 17 and q.
17
Suppose 8*k - 4*i - 45 = i, 5*k + 2*i - 23 = 0. Calculate the highest common factor of k and 10.
5
Let v be (-63)/(((-2)/(-2))/(-1)). Suppose -2*l + 47 = l + 4*m, 0 = l + m - 17. Calculate the greatest common factor of l and v.
21
Let a be ((-2)/4)/(2/(-116)). Let y = a - 9. Suppose -4*v + 116 = -o, 2*o + 0*o - 128 = -4*v. What is the highest common divisor of v and y?
10
Suppose -3*z + 8 = -7. Suppose -z = v - 18. Calculate the greatest common factor of 39 and v.
13
Let o = 907 - 859. Calculate the highest common factor of o and 464.
16
Let z(f) be the first derivative of 3*f**2 - 52*f + 41. Let l be z(12). Calculate the greatest common factor of 30 and l.
10
Let k = 1175 + -396. What is the greatest common divisor of 19 and k?
19
Let s = -197 + 230. What is the greatest common divisor of s and 143?
11
Suppose c - 4*l - 93 = 917, -4*l - 2032 = -2*c. Calculate the greatest common divisor of 14 and c.
14
Suppose -3*v = -2*v - 3*k - 6, -v + 4*k = -2. What is the highest common divisor of 54 and v?
18
Let k = -6 - -18. Let v be 1 + (-3 + 6 - 2). Suppose v*d + d = -3*a + 36, 0 = 2*a - 8. What is the highest common factor of d and k?
4
Let k = 67 - 52. Suppose -54*z + 49*z + k = 0. What is the highest common divisor of z and 12?
3
Suppose 4*j = -h + 14, 151 = 4*h - 2*j - j. Calculate the greatest common divisor of 782 and h.
34
Let m = -260 - -270. What is the highest common divisor of 20 and m?
10
Let q be (-3)/(-3*(-2)/(-136)). Calculate the highest common divisor of q and 8.
4
Suppose -14 = -4*m - 6. Suppose -m*a + 2 = -2. Suppose a*f + 3*f = 40. Calculate the greatest common factor of f and 4.
4
Suppose -h - m = h - 75, m = 3*h - 100. Let q(a) = -12*a - 339. Let u be q(-30). What is the greatest common factor of u and h?
7
Suppose -4*o = 2*k - 632, -2*o + 0*o + 314 = 2*k. What is the highest common divisor of o and 53?
53
Suppose -3*v + 379 = -101. What is the highest common factor of v and 40?
40
Let j be ((810/(-7))/(-5))/((-18)/(-63)). Calculate the greatest common factor of 225 and j.
9
Suppose 7*o - 5*a - 45 = 2*o, 6 = 4*o + 2*a. Suppose -o*p + 4 = -0*p, 3*d = 5*p + 25. Let q = -30 + 34. Calculate the greatest common divisor of q